is the tens digit of 41698?
9
What is the units digit of 55043?
3
What is the thousands digit of 237679?
7
What is the hundred thousands digit of 172565?
1
What is the tens digit of 41150?
5
What is the tens digit of 568166?
6
What is the units digit of 1080148?
8
What is the units digit of 282065?
5
What is the ten thousands digit of 146979?
4
What is the hundred thousands digit of 2640355?
6
What is the thousands digit of 2142062?
2
What is the tens digit of 286424?
2
What is the millions digit of 1898203?
1
What is the hundreds digit of 9110779?
7
What is the tens digit of 5609?
0
What is the tens digit of 360447?
4
What is the units digit of 466231?
1
What is the units digit of 3958561?
1
What is the units digit of 154814?
4
What is the thousands digit of 6734254?
4
What is the ten thousands digit of 14015805?
1
What is the ten thousands digit of 3856346?
5
What is the hundreds digit of 6423144?
1
What is the tens digit of 15514?
1
What is the ten thousands digit of 815248?
1
What is the ten millions digit of 18585549?
1
What is the units digit of 4653911?
1
What is the millions digit of 5698388?
5
What is the hundreds digit of 477351?
3
What is the tens digit of 428783?
8
What is the tens digit of 367661?
6
What is the thousands digit of 860976?
0
What is the thousands digit of 1328408?
8
What is the tens digit of 155179?
7
What is the hundreds digit of 5543314?
3
What is the thousands digit of 1416319?
6
What is the thousands digit of 8923491?
3
What is the thousands digit of 19180065?
0
What is the hundred thousands digit of 1317049?
3
What is the hundred thousands digit of 3397253?
3
What is the tens digit of 179901?
0
What is the tens digit of 361668?
6
What is the thousands digit of 176215?
6
What is the millions digit of 1374754?
1
What is the thousands digit of 453420?
3
What is the ten thousands digit of 67706?
6
What is the tens digit of 845609?
0
What is the units digit of 154893?
3
What is the ten thousands digit of 11107775?
0
What is the tens digit of 971253?
5
What is the tens digit of 198889?
8
What is the ten thousands digit of 1615363?
1
What is the tens digit of 1148457?
5
What is the ten thousands digit of 104823?
0
What is the units digit of 90830?
0
What is the hundreds digit of 4257732?
7
What is the thousands digit of 283396?
3
What is the tens digit of 11566762?
6
What is the units digit of 1246976?
6
What is the tens digit of 974793?
9
What is the thousands digit of 49693?
9
What is the units digit of 318702?
2
What is the hundred thousands digit of 438372?
4
What is the thousands digit of 197572?
7
What is the ten thousands digit of 499162?
9
What is the thousands digit of 364934?
4
What is the thousands digit of 146596?
6
What is the millions digit of 11864926?
1
What is the ten thousands digit of 30877?
3
What is the thousands digit of 495466?
5
What is the ten thousands digit of 104221?
0
What is the tens digit of 1054834?
3
What is the tens digit of 452526?
2
What is the tens digit of 858536?
3
What is the thousands digit of 699098?
9
What is the hundreds digit of 1733803?
8
What is the hundreds digit of 9368365?
3
What is the tens digit of 199697?
9
What is the hundreds digit of 21090500?
5
What is the ten thousands digit of 764571?
6
What is the hundred thousands digit of 2902906?
9
What is the ten thousands digit of 292839?
9
What is the hundred thousands digit of 6940619?
9
What is the thousands digit of 355223?
5
What is the ten thousands digit of 8363269?
6
What is the ten thousands digit of 194061?
9
What is the hundreds digit of 7703?
7
What is the thousands digit of 15820232?
0
What is the thousands digit of 1743283?
3
What is the ten thousands digit of 24378456?
7
What is the tens digit of 1771359?
5
What is the thousands digit of 11095024?
5
What is the hundred thousands digit of 231968?
2
What is the hundreds digit of 85795?
7
What is the millions digit of 4492622?
4
What is the hundred thousands digit of 492988?
4
What is the units digit of 512378?
8
What is the tens digit of 3766828?
2
What is the millions digit of 7517896?
7
What is the units digit of 261666?
6
What is the hundred thousands digit of 12325876?
3
What is the ten thousands digit of 55356?
5
What is the millions digit of 15146261?
5
What is the units digit of 71527?
7
What is the ten thousands digit of 1825607?
2
What is the hundred thousands digit of 387389?
3
What is the hundreds digit of 1504012?
0
What is the tens digit of 345419?
1
What is the hundred thousands digit of 220255?
2
What is the units digit of 5149541?
1
What is the hundred thousands digit of 8882164?
8
What is the hundreds digit of 3538966?
9
What is the units digit of 265207?
7
What is the ten thousands digit of 1017419?
1
What is the thousands digit of 3778367?
8
What is the hundred thousands digit of 438068?
4
What is the units digit of 333902?
2
What is the millions digit of 1957291?
1
What is the units digit of 3846656?
6
What is the tens digit of 1005684?
8
What is the tens digit of 2134983?
8
What is the hundred thousands digit of 5709080?
7
What is the ten thousands digit of 818566?
1
What is the ten thousands digit of 556496?
5
What is the hundred thousands digit of 245150?
2
What is the thousands digit of 24843784?
3
What is the tens digit of 115238?
3
What is the units digit of 1092686?
6
What is the units digit of 1052802?
2
What is the thousands digit of 369120?
9
What is the ten thousands digit of 289953?
8
What is the thousands digit of 335546?
5
What is the hundreds digit of 102606?
6
What is the millions digit of 6989451?
6
What is the units digit of 23795?
5
What is the millions digit of 3372048?
3
What is the ten thousands digit of 10487?
1
What is the units digit of 263275?
5
What is the units digit of 847665?
5
What is the hundreds digit of 7237770?
7
What is the tens digit of 12200705?
0
What is the hundred thousands digit of 39017016?
0
What is the tens digit of 9933784?
8
What is the hundreds digit of 2581048?
0
What is the ten thousands digit of 1475692?
7
What is the hundreds digit of 5584668?
6
What is the ten thousands digit of 3759557?
5
What is the hundred thousands digit of 1542032?
5
What is the units digit of 15622983?
3
What is the tens digit of 13325779?
7
What is the thousands digit of 1254646?
4
What is the units digit of 549631?
1
What is the ten thousands digit of 538577?
3
What is the thousands digit of 5479787?
9
What is the ten millions digit of 21570353?
2
What is the ten thousands digit of 92798?
9
What is the thousands digit of 4663709?
3
What is the units digit of 128014?
4
What is the hundred thousands digit of 135925?
1
What is the hundred thousands digit of 3481837?
4
What is the hundreds digit of 4507121?
1
What is the ten thousands digit of 195851?
9
What is the millions digit of 11290939?
1
What is the ten thousands digit of 380615?
8
What is the hundred thousands digit of 360905?
3
What is the units digit of 575672?
2
What is the thousands digit of 9136190?
6
What is the millions digit of 11117388?
1
What is the hundreds digit of 1095786?
7
What is the tens digit of 159801?
0
What is the tens digit of 231288?
8
What is the units digit of 1101922?
2
What is the hundreds digit of 21689525?
5
What is the units digit of 6088726?
6
What is the ten thousands digit of 1896160?
9
What is the hundred thousands digit of 2158790?
1
What is the units digit of 357604?
4
What is the ten thousands digit of 6135831?
3
What is the millions digit of 4881141?
4
What is the hundred thousands digit of 935958?
9
What is the hundreds digit of 4836544?
5
What is the hundred thousands digit of 4215168?
2
What is the ten thousands digit of 1581374?
8
What is the tens digit of 578183?
8
What is the hundreds digit of 676575?
5
What is the ten thousands digit of 1856371?
5
What is the hundred thousands digit of 825343?
8
What is the ten thousands digit of 2526747?
2
What is the tens digit of 8180601?
0
What is the millions digit of 4316027?
4
What is the hundred thousands digit of 1021274?
0
What is the millions digit of 5353483?
5
What is the millions digit of 3776908?
3
What is the millions digit of 30983815?
0
What is the units digit of 9016371?
1
What is the units digit of 555994?
4
What is the hundreds digit of 11092001?
0
What i